
False
Is 1204274 a composite number?
True
Is 7277267 a composite number?
True
Is 20837147 a composite number?
False
Is 1651918 a prime number?
False
Is 801887 prime?
False
Is 2589427 composite?
False
Is 1422797 a prime number?
True
Is 45291989 prime?
True
Is 26739853 a prime number?
False
Is 190522533 a composite number?
True
Is 158554303 prime?
True
Is 343189423 prime?
False
Is 106960681 a composite number?
False
Is 769235081 a composite number?
False
Is 266150491 composite?
False
Is 25368749 prime?
False
Is 5039558881 composite?
True
Is 7599919 a composite number?
False
Is 43221691 a composite number?
False
Is 55018261 prime?
True
Is 90448671 a composite number?
True
Is 15394573 composite?
False
Is 6284807 a composite number?
False
Is 10546231 composite?
True
Is 527327 composite?
False
Is 15498767 a prime number?
False
Is 557953 a composite number?
True
Is 3656579 a composite number?
True
Is 563543 composite?
False
Is 531272845 a prime number?
False
Is 3640817 prime?
True
Is 41173687 prime?
False
Is 432527 composite?
False
Is 159342583 prime?
True
Is 1741669 composite?
True
Is 24682303 a prime number?
True
Is 12174121 composite?
False
Is 4323377 composite?
False
Is 3189647 prime?
True
Is 1980169 composite?
False
Is 2461883 prime?
False
Is 533051 prime?
True
Is 238492939 prime?
False
Is 8738681 a prime number?
False
Is 7370123 a composite number?
False
Is 3590831 composite?
False
Is 392671 a prime number?
False
Is 2273851 a composite number?
False
Is 5837813 prime?
False
Is 769269077 a prime number?
True
Is 334211 a prime number?
False
Is 46344985 composite?
True
Is 865457 prime?
True
Is 1641403 composite?
False
Is 229529 a composite number?
False
Is 54903679 composite?
False
Is 2189909 a composite number?
True
Is 485020259 a composite number?
False
Is 213523 a prime number?
True
Is 34423379 composite?
False
Is 16042967 prime?
True
Is 6102541 prime?
False
Is 1228901 composite?
True
Is 3070538 a composite number?
True
Is 570329 composite?
False
Is 40372009 prime?
True
Is 1407343 a composite number?
True
Is 5063287 prime?
True
Is 16353731 prime?
False
Is 12940091 a composite number?
True
Is 40974513 a composite number?
True
Is 468201967 prime?
True
Is 34706953 a composite number?
False
Is 2332871 prime?
True
Is 86093927 a prime number?
True
Is 12288839 composite?
True
Is 39001769 composite?
False
Is 9186319 prime?
True
Is 21101081 composite?
True
Is 181871 composite?
False
Is 1092599 a prime number?
False
Is 43670581 a prime number?
True
Is 5500531 a composite number?
True
Is 41919638 a prime number?
False
Is 20236361 composite?
False
Is 121486601 composite?
False
Is 409635709 a prime number?
False
Is 13917602 prime?
False
Is 25936217 prime?
True
Is 28516681 a composite number?
False
Is 823051 composite?
False
Is 954761 composite?
True
Is 36759073 composite?
True
Is 6972439 a composite number?
True
Is 418427 a composite number?
False
Is 52587659 a prime number?
True
Is 294036497 a prime number?
True
Is 4959413 prime?
True
Is 402217 a composite number?
True
Is 126284857 composite?
True
Is 14366831 a prime number?
False
Is 11765847 composite?
True
Is 5490691 a composite number?
True
Is 45773669 a prime number?
True
Is 44695433 a prime number?
True
Is 79282447 a composite number?
True
Is 5879579 prime?
False
Is 134286959 a prime number?
True
Is 55507121 a composite number?
False
Is 843105007 prime?
True
Is 6714479 a composite number?
False
Is 61463 a composite number?
False
Is 452492137 composite?
True
Is 1495003162 a composite number?
True
Is 62072693 composite?
True
Is 231308269 composite?
True
Is 544004891 composite?
False
Is 162101101 composite?
False
Is 15655919 composite?
True
Is 96665731 prime?
False
Is 60343967 prime?
False
Is 956653 prime?
False
Is 13277819 a prime number?
False
Is 369893 a composite number?
False
Is 538631 a prime number?
False
Is 9360181 a composite number?
False
Is 313262779 a composite number?
True
Is 2375929 a composite number?
False
Is 44169583 prime?
False
Is 925817 composite?
True
Is 60506209 a composite number?
True
Is 38579 prime?
False
Is 1130469 a prime number?
False
Is 13288559 composite?
True
Is 698828617 prime?
True
Is 1772341 prime?
True
Is 89090167 prime?
False
Is 153744887 prime?
True
Is 414825373 composite?
True
Is 87473 composite?
False
Is 377084509 composite?
True
Is 67089403 prime?
False
Is 20045257 prime?
True
Is 120962057 composite?
True
Is 232247 composite?
True
Is 354829 a composite number?
False
Is 3504713 a prime number?
False
Is 743188477 a composite number?
True
Is 41845633 prime?
False
Is 8884097 prime?
False
Is 1599509 prime?
True
Is 5531803 a composite number?
True
Is 205988434 prime?
False
Is 10187563 a prime number?
False
Is 630727 a prime number?
False
Is 932303 prime?
True
Is 8271799 a prime number?
False
Is 52117385 a prime number?
False
Is 69115195 a composite number?
True
Is 28379357 a composite number?
False
Is 35055347 prime?
True
Is 7735307 a composite number?
True
Is 56997641 composite?
True
Is 418330909 prime?
True
Is 23967107 prime?
False
Is 81853601 composite?
False
Is 598827101 composite?
False
Is 8872397 a composite number?
True
Is 67652815 composite?
True
Is 6776147 a prime number?
False
Is 817883 a composite number?
True
Is 4602659 a prime number?
True
Is 230122513 a composite number?
False
Is 12884351 a composite number?
True
Is 38522437 prime?
False
Is 421546981 prime?
True
Is 638403 composite?
True
Is 144281581 prime?
True
Is 29137817 composite?
False
Is 10904197 a prime number?
True
Is 2447141 composite?
False
Is 146172193 a composite number?
False
Is 177091693 a prime number?
False
Is 36364049 prime?
False
Is 5628899 a prime number?
True
Is 1050479 composite?
True
Is 710461 a prime number?
False
Is 1938319 a composite number?
True
Is 29037101 prime?
False
Is 175507 prime?
False
Is 272051123 a composite number?
True
Is 9970073 composite?
False
Is 3510287 a prime number?
False
Is 16676093 composite?
True
Is 49244849 prime?
False
Is 16581797 composite?
True
Is 6482633 prime?
False
Is 96235211 a composite number?
False
Is 5990165 composite?
True
Is 11585393 a prime number?
True
Is 117496391 a composite number?
True
Is 3182677 prime?
False
Is 14781343 a composite number?
True
Is 231195893 prime?
True
Is 7591989 a prime number?
False
Is 460381 a prime number?
False
Is 45300439 a composite number?
False
Is 60576877 prime?
True
Is 704167 a prime number?
False
Is 443068751 prime?
True
Is 235193163 a composite number?
True
Is 10431313 prime?
True
Is 179924438 a prime number?
False
Is 48542619 a prime number?
False
Is 2335897 a prime number?
False
Is 14008213 a composite number?
False
Is 166118053 a prime number?
False
Is 18850679 a prime number?
False
Is 12760903 composite?
False
Is 3449107 a composite number?
False
Is 722873 composite?
True
Is 581807 composite?
True
Is 3293369 a prime number?
False
Is 3630323 a prime number?
True
Is 1233513331 prime?
False
Is 17491547 a prime number?
True
Is 2449963 a composite number?
False
Is 45531722 a prime number?
False
Is 130423 a prime number?
True
Is 102307 composite?
True
Is 6275371 a composite number?
False
Is 308180921 a prime number?
True
Is 6934703 a prime number?
False
Is 3522629137 composite?
False
Is 50288831 a composite number?
False
Is 13521191 a prime number?
False
Is 10661779 prime?
False
Is 1744046 composite?
True
Is 60088387 composite?
True
Is 7056629 prime?
False
Is 15578831 prime?
True
Is 20049971 a composite number?
False
Is 26130239 prime?
False
Is 22073419 composite?
False
Is 96440887 prime?
True
Is 2850161 composite?
False
Is 10962143 prime?
True
Is 57309383 composite?
True
Is 22447757 prime?
False
Is 40593347 a composite number?
False
Is 20944141 a prime number?
True
Is 282202463 a prime number?
False
Is 5500783 a composite number?
True
Is 66026663 a composite number?
True
Is 2790013 prime?
False
Is 3260765 composite?
True
Is 54002461 a prime number?
False
Is 3058999 composite?
False
Is 10948439 composite?
False
Is 30408659 composite?
True
Is 3154597 prime?
True
Is 293141 a composite number?
True
Is 5045119 prime?
False
Is 968547 a prime number?
False
Is 49244515 a composite number?
True
Is 1406497 composite?
False
Is 76904461 composite?
False
Is 101717641 a prime number?
True
Is 494827282 composite?
True
Is